*2 - 5*n. Let m(x) = -13*c(x) - 6*z(x). Determine m(-5).
-6
Let p(w) = w + 5. Let d(x) = -14 - 4*x + 2*x - x + 0*x. Let n(l) = -3*d(l) - 8*p(l). Calculate n(-5).
-3
Suppose -2*m + 2*s = 3*m - 32, m - 4*s + 8 = 0. Suppose 7*o = 3*o - m. Let y = -4 - o. Let q(f) = 3*f + 1. Calculate q(y).
-5
Suppose 0 = 2*z - 4*n - 9 - 3, -5*n - 10 = 0. Let i(o) = -o**3 + 2*o**2 - 3*o + 3. Give i(z).
-3
Let f(r) = r**2 + 6*r + 5. Let z(p) = p**3 - 4*p**2 - 2*p + 1. Let q be z(4). Let v(u) = u**2 + 7*u - 6. Let t be v(q). What is f(t)?
5
Let q(s) be the third derivative of s**5/15 - s**3/6 + 2*s**2. Let r be (2*2/(-4))/(-5 - -4). Determine q(r).
3
Let h(p) = -p**3 - 3*p**2 - 2*p - 3. Let m(f) = f + 4. Let q be m(-2). Let s be (2/1)/(q/3). Let d be (-1)/(-3)*0 - s. Determine h(d).
3
Let u(f) = -f - 7. Suppose 13 = 3*j + 1. Let p be 1 - 2/(j/14). Calculate u(p).
-1
Let p(n) = 5*n**2 + n + 2. Let m(i) = -9*i**2 - i - 4. Let b(g) = 6*m(g) + 11*p(g). Give b(-3).
-8
Let c(u) = u**2 - 4*u. Let n(l) = l - 7. Let x be n(6). Let i = x + 6. Give c(i).
5
Let l(j) = j**2 + j - 1. Let o(d) = d**3 + 1. Let a(k) = -3*k**3 - 6*k**2 - 6*k - 2. Let g(c) = a(c) + 2*o(c). Let v(b) = g(b) + 3*l(b). What is v(-3)?
6
Let f(q) = -q**3 - 8*q**2 - 8*q - 3. Let k be f(-7). Let i(n) = -n**3 + 3*n**2 + n + 5. Calculate i(k).
-7
Let y = 2 + -1. Suppose i - 8 = -i. Let j(r) = -i*r - 1 + r + 4*r + 2*r. Determine j(y).
2
Let g(v) = -4*v**3 + 4*v**2 - 4*v - 4. Let o(d) = 5*d**3 - 3*d**2 + 5*d + 4. Let u(k) = -6*g(k) - 5*o(k). Determine u(-9).
13
Let r(b) = 3*b**3 - 2. Let i(y) = y**3 - y**2 + y - 1. Let d(k) = 4*i(k) - r(k). Calculate d(2).
-2
Let x(i) = -i**2 - i + 1. Let s(h) = -7*h**2 - h + 2. Let w(f) = -s(f) + 6*x(f). What is w(4)?
0
Suppose 14 = 2*l + 2*h, 0*h - 20 = -5*h. Let p(m) be the first derivative of -3/2*m**2 - 3*m - 1 + 2/3*m**3. What is p(l)?
6
Let a(p) = -p**2 + p**2 + 2 + p**2 - 5*p. Let b be a(5). Let g(h) = -h**2 + 3*h - 1. Calculate g(b).
1
Let r(a) = -a - 22*a**2 - 4 - 4*a + 21*a**2. What is r(-3)?
2
Let i be -2 - (-1)/(-1)*-1. Let a(v) = 11*v**3 - v. Give a(i).
-10
Let k(o) = o. Let u(z) = -4*z. Let b(a) = -2*k(a) - u(a). What is b(3)?
6
Let h = 4 - 2. Let y(x) be the first derivative of -2*x**3 - x**2 - h + x - 1 + 2*x**2. Calculate y(-1).
-7
Let c(l) be the second derivative of l**7/840 + l**4/8 - l**3/3 - 3*l. Let q(j) be the second derivative of c(j). Determine q(0).
3
Let g(s) be the second derivative of -s**6/360 - s**4/12 - s**3/3 + 7*s. Let y(a) be the second derivative of g(a). Calculate y(2).
-6
Suppose -3*l + 18 = -0*l. Let k(y) = y**3 - 7*y**2 + 7*y - 5. Determine k(l).
1
Let t(b) = b - 3. Let p = 6 + -2. Let n be (8/(-6))/p*-3. Let a = n - -2. Determine t(a).
0
Let q(y) = 1. Let i(d) = -8*d + 7. Let h(u) = 2*i(u) - 14*q(u). Calculate h(-1).
16
Let l(k) = -k - 6*k**2 + 8*k - 139 + 140 + k**3. Let g be ((-6)/2)/((-9)/15). What is l(g)?
11
Let q(f) be the third derivative of -f**6/120 + f**5/15 - f**3/6 - f**2. Let d be 1 - -1 - 0/(-6). Let p be 0 + d - (-1 - -1). Calculate q(p).
7
Suppose 4*x + 0*x - i - 9 = 0, 0 = 5*i - 15. Suppose -x*q = -6*q + 3. Let d(c) = 2*c + 1. Determine d(q).
3
Let q(m) = 19*m - 3*m - 10*m - 4*m - 6. Calculate q(4).
2
Let l(h) = h**2 - h + 1. Let d(s) = 5*s**2 - 2*s + 8. Let z(g) = -d(g) + 6*l(g). Suppose 9 = 5*x - 11. What is z(x)?
-2
Let f(n) = 5*n + 14. Let w(p) = p + 3. Let a(s) = 2*f(s) - 11*w(s). Give a(-6).
1
Suppose 2*q - 5*t = 3*q - 12, 2*q + 2*t = 8. Let v(c) = 1 - 4*c + c**2 - q*c + 1. Let w(o) = -o**2 - 4*o + 9. Let g be w(-5). Determine v(g).
-6
Let r(j) be the second derivative of 0 + 5/6*j**3 + 2*j + 2*j**2 + 1/12*j**4. Determine r(-3).
-2
Let i = 0 - 0. Let r(w) = -9*w - 27. Let y(s) = -5*s - 15. Let p(g) = 6*r(g) - 11*y(g). Give p(i).
3
Let c(a) be the first derivative of -1/2*a**2 + 0*a + 1. Give c(1).
-1
Suppose 0 = z - 4 - 0. Let o(q) = 4*q**2 - q**2 - 4*q + z - 4*q**2. Give o(-5).
-1
Let n(y) = y**3 - 6*y**2 + 5*y - 4. Let g(x) = -x**2 + 5*x + 5. Let c be g(5). Let l = 8 + c. Let j = -8 + l. Calculate n(j).
-4
Suppose -3*j = -4*j. Let s(q) = j + 4 + 2*q - 4 - 2. Calculate s(-2).
-6
Let l(o) = -o + 5. Let b be l(3). Let v(f) = -f**2 - 1. Calculate v(b).
-5
Let k(q) = 19*q - 9. Let b(i) = 9*i - 4. Let t(n) = 5*b(n) - 2*k(n). Determine t(2).
12
Let f(l) = l**2 - 2*l + 1. Let i = 16 - 16. Suppose 3*s - s - 8 = i. Give f(s).
9
Let h be 3*(-8)/(-6)*1. Let z be (-2)/1 + h/(-2). Let i(u) = u. Calculate i(z).
-4
Suppose 4*q + 18 = -m + 4*m, m + q = -1. Let u(x) = -x**3 + 2*x**2 - 7*x - 8. Let n(b) = -b - 1. Let w(r) = 6*n(r) - u(r). Determine w(m).
4
Let h(x) = -7*x + x + 2 - 1 + 0. Let t = 2 - 0. Calculate h(t).
-11
Let c(z) = -3*z - 2. Let d = 31 - 53. Let o = d + 18. Calculate c(o).
10
Let r(n) = n**3 + n**2 - n - 1. Let g(q) = -5*q**2 + 5*q + 5. Let d(y) = g(y) + 5*r(y). Let p = -4 + 6. Let o = 3 - p. Give d(o).
5
Let n(b) = -3*b**2 + b + 2. Let i = 57 - 54. Determine n(i).
-22
Let a(k) be the third derivative of k**4/24 - 4*k**3/3 + 22*k**2. Determine a(6).
-2
Let m(d) = -d**3 - 4*d**2 - 2*d + 4. Let x(n) = -n**2 + 5*n - 3. Let t(y) = y. Let i be t(5). Let j be x(i). Determine m(j).
1
Let x(m) = -3*m**2 + m - 4. Let b(i) = -4*i**2 - 5. Let a(c) = -4*b(c) + 5*x(c). Let j be (4/12)/((-2)/(-12)). Let n = -7 + j. Determine a(n).
0
Let w = 0 - -8. Let q(o) = -3*o - 6. Let l(j) = 2*j - 5. Let c(t) = 3*t - 6. Let r(p) = -3*c(p) + 4*l(p). Let n(g) = w*r(g) - 3*q(g). What is n(-3)?
-1
Let d(t) = -t**3 + 4*t**2 + 4*t - 4. Let i(b) = -b**3 - 4*b**2 + 5. Let z be i(-4). Calculate d(z).
-9
Let w(g) be the second derivative of g**3/6 + 3*g**2/2 - 14*g. Determine w(-3).
0
Let g(f) = -2*f**2 - 2*f - 1. Let l = -3 + 1. Let q be g(l). Let z(y) = 4*y + 4. Give z(q).
-16
Let m(i) = 8*i - 8 - 7*i**2 + 20 - 7 - 8 - i**3. Calculate m(-8).
-3
Let j(q) = q**3 - 6*q**2 + q + 7. Let g(d) = -d + 1. Let o(w) = 4*g(w) - j(w). What is o(5)?
-3
Suppose -60*r + 8 = -64*r. Let j(t) = 2*t + 2. Calculate j(r).
-2
Let q be (-4)/(15 + -13 + 6/(-4)). Let t(f) = -f**3 - 9*f**2 - 6*f + 9. Calculate t(q).
-7
Suppose 4*a = 3*x - 9, 0*a = -4*a - x - 13. Let j(f) be the second derivative of f**4/12 + f**3/6 + f**2 + f. Calculate j(a).
8
Let a be (1 + 2 - 4) + 12. Suppose -a = -3*v + 1. Let z(y) = 3*y. What is z(v)?
12
Let p be (-5 - -3)*2/(-4). Let h = p + 1. Suppose x = h*x. Let f(q) = q**3 - q**2 - q. What is f(x)?
0
Let l be 1*(0 + 3/3). Suppose m - l = -0. Let q(c) = -5*c + 5 - m - 6. Calculate q(-2).
8
Let o(z) = 2*z**2 - 5*z + 7. Let q(y) = -6*y**2 + 14*y - 22. Let r(x) = -10*o(x) - 3*q(x). Give r(5).
-14
Suppose 8*j - 5*j = -18. Let g(r) = 2*r - 2. Let k(u) = -2*u + 3. Let m(y) = j*k(y) - 7*g(y). Calculate m(-5).
6
Let p be 4 - (1 + 0/2). Let i(h) be the third derivative of h**6/360 - h**4/8 + h**3/6 + 2*h**2. Let r(l) be the first derivative of i(l). Determine r(p).
6
Suppose 5*c = 4*a - 13, -6*a - 5*c - 40 = -a. Let j be 9/3 + -1*1. Let w(r) = 4*r**j + 3 + r**3 + 4 + 4*r - 4. What is w(a)?
0
Let u(y) = -y - 4. Suppose 4 = 2*c - 10. Suppose -1 = -2*v - c. Give u(v).
-1
Let z(s) = 3*s**2 + 6*s - 1. Let u(v) = -2 + 0 - 2*v**2 + 3 - 5*v. Let g(i) = -7*u(i) - 6*z(i). Determine g(-1).
-4
Let y(d) = 2 + 5*d**3 - 5*d - 2*d**2 + 5*d**2 - 4*d**3. Suppose h - 7*a - 12 = -3*a, -2*a - 8 = 0. What is y(h)?
6
Suppose -13 = -n + 4*t, -5*n + 16 = -4*n - 5*t. Suppose 6*c - c = 0. Let b(k) = 3 - 4 + k + c*k. Calculate b(n).
0
Let f(a) = a**3 - 10*a**2 + 9*a. Let i be f(9). Let v(s) = s**3 + s**2 - 1. Calculate v(i).
-1
Let g(w) be the second derivative of -2*w**2 + w + 1/20*w**5 + 0 + 1/4*w**4 - 1/6*w**3. Give g(-3).
-1
Let g(p) = -p + 17. Let h(x) = x**2 - 11*x - 26. Let j be h(13). Give g(j).
17
Let f be ((-6)/(-9))/(50/(-12) - -4). Let s(h) = h**2 + 6*h + 9. What is s(f)?
1
Let v(l) = -18 + 9 + 5*l + 7. Determine v(-3).
-17
Suppose 5*u = -f + 18, 0*f + 5*u = 3*f - 14. Let d(j) = j**3 - 9*j**2 + 10*j - 11. Determine d(f).
5
Let r(z) be the first derivative of -1/3*z**3 - 5/2*z**2 - 7 + 0*z. What is r(-3)?
6
Let l(b) be the third derivative of b**6/60 + b**5/30 - b**3/6 - 26*b**2. Let w(f) = f**2 + 3*f - 1. Let c be w(-3). Determine l(c).
-1
Let h(b) be the first derivative of -1 + 4*b + 1/3*b**3 + 5/2*b**2. What is h(-3)?
-2
Let f(y) be the second derivative of 1/2*y*